actor of 6979?
False
Does 28 divide 1848?
True
Does 12 divide 2328?
True
Is 2 a factor of 862?
True
Is 5419 a multiple of 76?
False
Is 23 a factor of 298?
False
Is 18 a factor of 7748?
False
Is 114 a multiple of 6?
True
Does 216 divide 406?
False
Is 28707 a multiple of 66?
False
Does 28 divide 21952?
True
Is 30443 a multiple of 8?
False
Is 50 a factor of 21800?
True
Is 660 a multiple of 55?
True
Is 11 a factor of 629?
False
Is 3610 a multiple of 48?
False
Does 18 divide 2160?
True
Is 196 a factor of 2940?
True
Is 1383 a multiple of 16?
False
Is 852 a multiple of 6?
True
Is 18 a factor of 21076?
False
Is 28 a factor of 5368?
False
Is 1202 a multiple of 12?
False
Does 9 divide 781?
False
Does 22 divide 286?
True
Is 20 a factor of 377?
False
Does 105 divide 7035?
True
Does 4 divide 5360?
True
Does 9 divide 14382?
True
Does 14 divide 1428?
True
Is 2471 a multiple of 38?
False
Does 22 divide 419?
False
Is 10197 a multiple of 9?
True
Is 10996 a multiple of 47?
False
Does 51 divide 257?
False
Is 7595 a multiple of 155?
True
Is 2070 a multiple of 23?
True
Is 11 a factor of 6852?
False
Is 20 a factor of 5936?
False
Does 8 divide 1096?
True
Is 803 a multiple of 21?
False
Is 1714 a multiple of 15?
False
Does 12 divide 39216?
True
Is 15 a factor of 19680?
True
Is 6112 a multiple of 16?
True
Is 4365 a multiple of 8?
False
Is 172 a factor of 29928?
True
Is 12 a factor of 20328?
True
Is 122 a factor of 3416?
True
Is 433 a multiple of 8?
False
Does 81 divide 691?
False
Is 12168 a multiple of 169?
True
Does 75 divide 1275?
True
Is 32 a factor of 2432?
True
Is 4 a factor of 1993?
False
Is 8 a factor of 19042?
False
Does 128 divide 57600?
True
Is 26308 a multiple of 7?
False
Is 4220 a multiple of 15?
False
Is 15372 a multiple of 84?
True
Does 40 divide 8309?
False
Is 413 a multiple of 7?
True
Is 3476 a multiple of 32?
False
Does 181 divide 893?
False
Is 7 a factor of 4098?
False
Is 2636 a multiple of 8?
False
Does 293 divide 11427?
True
Is 2395 a multiple of 14?
False
Does 39 divide 4563?
True
Does 171 divide 2114?
False
Does 72 divide 1152?
True
Does 50 divide 6500?
True
Does 92 divide 26202?
False
Is 6 a factor of 1308?
True
Is 1132 a multiple of 78?
False
Is 21 a factor of 2217?
False
Does 5 divide 302?
False
Is 13 a factor of 2223?
True
Is 335 even?
False
Does 14 divide 378?
True
Is 48 a factor of 1293?
False
Is 9 a factor of 83516?
False
Is 3335 a multiple of 23?
True
Is 22 a factor of 1833?
False
Is 16 a factor of 6445?
False
Is 16 a factor of 336?
True
Is 15 a factor of 134?
False
Does 19 divide 577?
False
Is 21 a factor of 40?
False
Is 43 a factor of 8342?
True
Is 43 a factor of 1542?
False
Is 25 a factor of 12330?
False
Is 36 a multiple of 5?
False
Is 10263 a multiple of 28?
False
Is 94 a factor of 1880?
True
Is 75 a factor of 1500?
True
Is 31 a factor of 56775?
False
Does 362 divide 23530?
True
Is 149 a factor of 13199?
False
Is 4972 a multiple of 10?
False
Does 18 divide 385?
False
Does 54 divide 1731?
False
Is 4565 a multiple of 11?
True
Is 5 a factor of 5690?
True
Does 77 divide 118260?
False
Is 9440 a multiple of 21?
False
Is 5208 a multiple of 28?
True
Does 55 divide 2585?
True
Does 2 divide 101?
False
Is 142 a factor of 54812?
True
Is 97 a factor of 1261?
True
Is 17 a factor of 5015?
True
Does 124 divide 35155?
False
Is 3150 a multiple of 90?
True
Is 103 a factor of 2192?
False
Is 1560 a multiple of 26?
True
Is 6146 a multiple of 14?
True
Is 34 a factor of 2741?
False
Is 502 a multiple of 3?
False
Does 18 divide 5331?
False
Is 1294 a multiple of 51?
False
Does 114 divide 1743?
False
Is 10 a factor of 190?
True
Is 105 a factor of 22324?
False
Is 493 a multiple of 54?
False
Is 1575 a multiple of 20?
False
Is 11 a factor of 986?
False
Is 8 a factor of 277?
False
Is 27 a factor of 5562?
True
Does 43 divide 709?
False
Is 39 a factor of 3199?
False
Is 20 a factor of 1640?
True
Is 15 a multiple of 5?
True
Is 108 a multiple of 108?
True
Is 1494 a multiple of 18?
True
Is 86 a multiple of 5?
False
Does 32 divide 911?
False
Does 34 divide 211?
False
Is 4 a factor of 2647?
False
Is 3619 a multiple of 11?
True
Is 63 a multiple of 6?
False
Is 52 a factor of 7892?
False
Does 10 divide 22240?
True
Is 14 a factor of 6468?
True
Is 291 a multiple of 13?
False
Does 63 divide 775?
False
Is 26 a factor of 608?
False
Does 5 divide 845?
True
Is 5678 a multiple of 167?
True
Is 1675 a multiple of 25?
True
Is 330 a multiple of 30?
True
Is 105 a multiple of 15?
True
Does 11 divide 1507?
True
Is 2 a factor of 5861?
False
Does 24 divide 40?
False
Does 27 divide 2079?
True
Is 6589 even?
False
Does 72 divide 8814?
False
Is 19800 a multiple of 10?
True
Does 14 divide 504?
True
Is 15 a factor of 7185?
True
Is 4640 a multiple of 32?
True
Does 16 divide 80?
True
Is 4 a factor of 2172?
True
Is 4 a factor of 5406?
False
Is 206 a multiple of 3?
False
Does 4 divide 9287?
False
Is 50 a factor of 6700?
True
Does 51 divide 395?
False
Is 23 a factor of 231?
False
Is 3430 a multiple of 70?
True
Does 18 divide 936?
True
Does 37 divide 666?
True
Does 13 divide 3113?
False
Is 957 a multiple of 53?
False
Is 6 a factor of 2190?
True
Does 19 divide 24035?
True
Is 33967 a multiple of 25?
False
Does 83 divide 6890?
False
Does 16 divide 928?
True
Does 115 divide 5423?
False
Does 8 divide 17601?
False
Does 59 divide 2035?
False
Is 28 a factor of 181?
False
Is 106 a multiple of 3?
False
Is 34 a factor of 3741?
False
Is 1558 a multiple of 41?
True
Is 13 a factor of 107567?
False
Is 47092 a multiple of 61?
True
Is 4320 a multiple of 18?
True
Is 1488 a multiple of 80?
False
Is 141 a multiple of 22?
False
Does 14 divide 798?
True
Does 35 divide 1751?
False
Is 395 a multiple of 10?
False
Is 29904 a multiple of 12?
True
Does 137 divide 555?
False
Is 5 a factor of 2384?
False
Does 35 divide 945?
True
Is 42 a factor of 714?
True
Does 12 divide 420?
True
Does 201 divide 20963?
False
Does 28 divide 1980?
False
Does 46 divide 4481?
False
Is 4 a factor of 516?
True
Is 27 a factor of 8241?
False
Does 309 divide 45868?
False
Is 110 a multiple of 5?
True
Is 9 a factor of 648?
True
Is 35 a factor of 420?
True
Does 5 divide 162?
False
Is 5614 a multiple of 7?
True
Does 17 divide 1496?
True
Is 22 a factor of 484?
True
Is 1220 a multiple of 22?
False
Is 12 a factor of 5380?
False
Does 4 divide 1482?
False
Does 30 divide 6390?
True
Is 73 a factor of 219?
True
Is 9 a factor of 132?
False
Is 215 a multiple of 5?
True
Does 54 divide 4144?
False
Does 4 divide 3804?
True
Does 3 divide 2036?
False
Does 2 divide 55?
False
Is 12 a factor of 1807?
False
Is 268 a multiple of 3?
False
Does 78 divide 408?
False
Is 2166 a multiple of 13?
False
Does 204 divide 21624?
True
Does 3 divide 8945?
False
Is 7838 a multiple of 26?
False
Is 173 a factor of 25085?
True
Is 2232 a multiple of 93?
True
Is 256 a multiple of 6?
False
Is 3 a factor of 202?
False
Is 189 a multiple of 21?
True
Does 21 divide 2709?
True
Is 4144 a multiple of 8?
True
Is 250 a multiple of 6?
False
Does 43 divide 5074?
True
Is 2695 a multiple of 11?
True
Is 961 a multiple of 2?
False
Does 7 divide 727?
False
Is 81840 a multiple of 55?
True
Is 11 a factor of 12067?
True
Is 3197 a multiple of 10?
False
Is 132 a factor of 34987?
False
Is 8060 a multiple of 15?
False
Does 35 divide 6510?
True
Is 34 a factor of 680?
True
Does 28 divide 136?
False
Is 200 a multiple of 10?
True
Does 62 divide 1426?
True
Is 9766 a multiple of 10?
False
Is 55 a factor of 880?
True
Is 1108 a multiple of 35?
False
Does 6 divide 2958?
True
Is 32406 a multiple of 22?
True
Is 15 a factor of 1525?
False
Is 54 a factor of 4698?
True
Is 23 a factor of 1378?
False
Is 9501 a multiple of 18?
False
Does 27 divide 3267?
True
Is 14881 a multiple of 23?
True
Is 2704 a multiple of 31?
False
Does 55 divide 104115?
True
Is 156 a factor of 468?
True
Is 34 a factor of 945?
False
Is 73 a factor of 12489?
False
Is 818 a multiple of 26?
False
Is 438 a multiple of 28?
False
Is 76 a factor of 2356?
True
Is 612 a multiple of 34?
True
Is 33 a factor of 1056?
True
Is 11 a factor of 4917?
True
Is 972 a multiple of 18?
True
Is 7 a factor of 49604?
False
Does 14 divide 1819?
False
Does 60 divide 180?
True
Does 35 divide 2311?
False
Is 72 a multiple of 24?
True
Is 13 a factor of 20223?
False
Is 11 a factor of 766?
False
Does